thousands digit of 9892?
9
What is the units digit of 40173?
3
What is the units digit of 1722?
2
What is the units digit of 2706?
6
What is the tens digit of 21636?
3
What is the units digit of 14988?
8
What is the tens digit of 1484?
8
What is the tens digit of 300?
0
What is the ten thousands digit of 97941?
9
What is the tens digit of 831?
3
What is the hundreds digit of 1636?
6
What is the thousands digit of 6665?
6
What is the units digit of 1132?
2
What is the ten thousands digit of 67258?
6
What is the ten thousands digit of 40317?
4
What is the hundreds digit of 73201?
2
What is the thousands digit of 6941?
6
What is the thousands digit of 47480?
7
What is the hundreds digit of 21303?
3
What is the units digit of 10075?
5
What is the tens digit of 535?
3
What is the tens digit of 526?
2
What is the tens digit of 4175?
7
What is the units digit of 43537?
7
What is the thousands digit of 2828?
2
What is the thousands digit of 3963?
3
What is the hundreds digit of 5418?
4
What is the tens digit of 645?
4
What is the tens digit of 1264?
6
What is the tens digit of 746?
4
What is the hundreds digit of 870?
8
What is the hundreds digit of 3589?
5
What is the units digit of 1178?
8
What is the hundreds digit of 771?
7
What is the units digit of 897?
7
What is the units digit of 2117?
7
What is the tens digit of 8436?
3
What is the units digit of 681?
1
What is the units digit of 3438?
8
What is the hundreds digit of 520?
5
What is the tens digit of 2540?
4
What is the hundreds digit of 1096?
0
What is the ten thousands digit of 12060?
1
What is the thousands digit of 59389?
9
What is the tens digit of 1057?
5
What is the units digit of 39509?
9
What is the ten thousands digit of 14600?
1
What is the tens digit of 4541?
4
What is the hundreds digit of 2300?
3
What is the tens digit of 24479?
7
What is the ten thousands digit of 26284?
2
What is the tens digit of 28862?
6
What is the units digit of 10968?
8
What is the units digit of 398?
8
What is the units digit of 18272?
2
What is the hundreds digit of 12777?
7
What is the ten thousands digit of 33704?
3
What is the tens digit of 65345?
4
What is the thousands digit of 161656?
1
What is the hundreds digit of 1334?
3
What is the thousands digit of 6680?
6
What is the hundreds digit of 158941?
9
What is the hundreds digit of 4681?
6
What is the units digit of 2411?
1
What is the tens digit of 762?
6
What is the units digit of 389?
9
What is the units digit of 16918?
8
What is the ten thousands digit of 18781?
1
What is the tens digit of 12280?
8
What is the hundreds digit of 4129?
1
What is the hundreds digit of 120627?
6
What is the hundreds digit of 6030?
0
What is the units digit of 320?
0
What is the tens digit of 31734?
3
What is the units digit of 6854?
4
What is the thousands digit of 73993?
3
What is the units digit of 5565?
5
What is the tens digit of 644?
4
What is the hundreds digit of 2897?
8
What is the tens digit of 3294?
9
What is the tens digit of 754?
5
What is the hundreds digit of 48154?
1
What is the units digit of 4981?
1
What is the hundreds digit of 1311?
3
What is the tens digit of 21493?
9
What is the hundreds digit of 2685?
6
What is the ten thousands digit of 169225?
6
What is the hundreds digit of 13669?
6
What is the units digit of 170?
0
What is the tens digit of 43551?
5
What is the hundreds digit of 257?
2
What is the thousands digit of 10734?
0
What is the thousands digit of 5023?
5
What is the thousands digit of 5008?
5
What is the hundreds digit of 17848?
8
What is the tens digit of 1607?
0
What is the thousands digit of 61094?
1
What is the hundreds digit of 506?
5
What is the ten thousands digit of 52725?
5
What is the units digit of 1303?
3
What is the hundreds digit of 7053?
0
What is the thousands digit of 5716?
5
What is the units digit of 126?
6
What is the tens digit of 78589?
8
What is the hundreds digit of 38775?
7
What is the hundreds digit of 18296?
2
What is the hundreds digit of 918?
9
What is the units digit of 3860?
0
What is the ten thousands digit of 72673?
7
What is the tens digit of 14692?
9
What is the hundred thousands digit of 165095?
1
What is the units digit of 11063?
3
What is the tens digit of 16286?
8
What is the units digit of 18780?
0
What is the tens digit of 27641?
4
What is the units digit of 4533?
3
What is the tens digit of 1434?
3
What is the hundreds digit of 22175?
1
What is the units digit of 108512?
2
What is the units digit of 2712?
2
What is the units digit of 3684?
4
What is the units digit of 176?
6
What is the units digit of 5816?
6
What is the tens digit of 124348?
4
What is the tens digit of 28054?
5
What is the units digit of 467?
7
What is the hundreds digit of 3293?
2
What is the units digit of 6083?
3
What is the ten thousands digit of 10922?
1
What is the units digit of 3756?
6
What is the tens digit of 51797?
9
What is the hundreds digit of 869?
8
What is the units digit of 1740?
0
What is the tens digit of 208?
0
What is the ten thousands digit of 37624?
3
What is the units digit of 33846?
6
What is the hundreds digit of 3758?
7
What is the hundreds digit of 109?
1
What is the hundreds digit of 45868?
8
What is the hundreds digit of 13233?
2
What is the thousands digit of 23980?
3
What is the units digit of 9331?
1
What is the ten thousands digit of 39520?
3
What is the ten thousands digit of 39082?
3
What is the thousands digit of 32543?
2
What is the thousands digit of 1269?
1
What is the hundreds digit of 26542?
5
What is the hundreds digit of 37013?
0
What is the units digit of 1803?
3
What is the hundreds digit of 7302?
3
What is the hundreds digit of 3099?
0
What is the hundreds digit of 23298?
2
What is the tens digit of 66864?
6
What is the ten thousands digit of 29786?
2
What is the units digit of 1047?
7
What is the hundreds digit of 1110?
1
What is the units digit of 5750?
0
What is the hundreds digit of 4711?
7
What is the ten thousands digit of 10716?
1
What is the thousands digit of 59406?
9
What is the thousands digit of 27981?
7
What is the hundreds digit of 220?
2
What is the thousands digit of 1195?
1
What is the thousands digit of 10841?
0
What is the units digit of 534?
4
What is the units digit of 102467?
7
What is the units digit of 7480?
0
What is the thousands digit of 25323?
5
What is the hundreds digit of 875?
8
What is the thousands digit of 3944?
3
What is the thousands digit of 3298?
3
What is the units digit of 10995?
5
What is the tens digit of 23843?
4
What is the units digit of 9602?
2
What is the tens digit of 109363?
6
What is the units digit of 132?
2
What is the units digit of 1768?
8
What is the tens digit of 35567?
6
What is the thousands digit of 6284?
6
What is the thousands digit of 7249?
7
What is the thousands digit of 20484?
0
What is the units digit of 928?
8
What is the thousands digit of 9474?
9
What is the tens digit of 9288?
8
What is the hundreds digit of 83541?
5
What is the hundreds digit of 17320?
3
What is the units digit of 73768?
8
What is the tens digit of 790?
9
What is the units digit of 69148?
8
What is the units digit of 613?
3
What is the hundreds digit of 896?
8
What is the tens digit of 9401?
0
What is the hundreds digit of 5081?
0
What is the units digit of 3014?
4
What is the tens digit of 535?
3
What is the hundreds digit of 46786?
7
What is the hundreds digit of 21862?
8
What is the units digit of 9489?
9
What is the tens digit of 86?
8
What is the hundreds digit of 5859?
8
What is the thousands digit of 5950?
5
What is the hundreds digit of 1085?
0
What is the hundreds digit of 2240?
2
What is the units digit of 18?
8
What is the ten thousands digit of 48528?
4
What is the units digit of 1655?
5
What is the tens digit of 1442?
4
What is the thousands digit of 3432?
3
What is the thousands digit of 1304?
1
What is the ten thousands digit of 13007?
1
What is the hundreds digit of 6366?
3
What is the hundreds digit of 2629?
6
What is the hundreds digit of 10244?
2
What is the units digit of 84415?
5
What is the thousands digit of 29075?
9
What is the units digit of 2232?
2
What is the units digit of 26966?
6
What is the units digit of 2604?
4
What is the units digit of 41978?
8
What is the thousands digit of 13150?
3
What is the units